he greatest common factor of 93932706 and 1470?
294
Calculate the greatest common divisor of 100 and 438684500.
100
Calculate the greatest common factor of 324022930 and 770.
770
What is the highest common factor of 199841 and 154009?
337
What is the highest common factor of 210699 and 61623?
369
Calculate the greatest common factor of 2784 and 68963392.
928
Calculate the greatest common divisor of 57989 and 151719.
103
What is the greatest common divisor of 642429 and 2173?
41
Calculate the highest common factor of 2765 and 592480.
35
What is the greatest common divisor of 661715 and 546905?
445
Calculate the greatest common divisor of 15535 and 338923.
13
What is the highest common divisor of 34554 and 2190?
6
Calculate the highest common divisor of 12889667 and 258251.
3269
What is the highest common divisor of 11416360 and 3292560?
10760
Calculate the greatest common factor of 275673 and 1117651.
2137
Calculate the highest common divisor of 49375 and 18625.
125
Calculate the greatest common factor of 4404020 and 7460.
20
Calculate the highest common divisor of 5109237 and 1197.
63
Calculate the greatest common divisor of 12622224 and 1298.
118
What is the highest common factor of 2588 and 12452?
4
What is the highest common divisor of 5750 and 1151138500?
5750
What is the highest common divisor of 717488553 and 51?
51
Calculate the greatest common divisor of 670 and 9978340.
10
What is the highest common factor of 236607 and 3759?
21
What is the greatest common factor of 1470033 and 315?
9
What is the greatest common factor of 46426974 and 726?
726
Calculate the greatest common factor of 2354803 and 11.
11
Calculate the highest common divisor of 1459500 and 6804.
84
Calculate the highest common factor of 851538 and 156150.
2082
Calculate the greatest common factor of 214 and 28497631.
107
Calculate the greatest common divisor of 7269372 and 5148.
396
What is the highest common factor of 259 and 1194837?
7
Calculate the greatest common factor of 3913 and 1738555.
91
Calculate the greatest common divisor of 3132 and 578208.
12
What is the highest common divisor of 450567 and 32094?
9
Calculate the highest common divisor of 3054073582 and 14.
14
Calculate the greatest common divisor of 119548 and 25286701.
2299
What is the highest common divisor of 33656821 and 289?
17
Calculate the greatest common divisor of 87659 and 68354.
143
Calculate the greatest common factor of 212296 and 8136.
8
Calculate the greatest common factor of 6 and 1453435.
1
Calculate the highest common divisor of 635880 and 5040.
840
Calculate the highest common factor of 606033 and 21.
3
What is the highest common divisor of 8697 and 6421285?
2899
Calculate the greatest common divisor of 235902135 and 315.
105
What is the highest common factor of 33536559 and 567?
21
What is the highest common factor of 2399566 and 2542?
82
Calculate the highest common factor of 72 and 7967283.
3
Calculate the highest common divisor of 159805 and 24800.
155
Calculate the highest common factor of 1223773980 and 9951.
9951
What is the greatest common factor of 16095 and 68385?
15
Calculate the highest common factor of 1518 and 2455156.
22
What is the greatest common factor of 74 and 330804346?
74
What is the greatest common divisor of 606908 and 25276?
284
Calculate the highest common divisor of 3733 and 612768217.
3733
What is the highest common divisor of 20 and 19129510?
10
What is the highest common divisor of 1143 and 726309?
9
Calculate the greatest common factor of 1280400 and 120450.
1650
Calculate the greatest common divisor of 112383894 and 42.
42
Calculate the greatest common divisor of 25546731 and 492.
123
What is the greatest common factor of 1412770862 and 11342?
11342
What is the greatest common divisor of 448 and 143566528?
448
What is the highest common divisor of 3128 and 888488?
136
Calculate the highest common divisor of 7023828 and 1386.
42
What is the highest common factor of 59 and 159930?
1
Calculate the highest common divisor of 690 and 20248395.
345
Calculate the highest common divisor of 64722 and 67344.
138
Calculate the greatest common divisor of 46655 and 36301.
31
What is the highest common divisor of 30046 and 175379?
83
Calculate the greatest common factor of 510642 and 49995.
99
Calculate the greatest common factor of 5 and 7700045.
5
Calculate the greatest common divisor of 25 and 212935.
5
Calculate the greatest common divisor of 3342112 and 992.
32
Calculate the greatest common factor of 13849 and 276221.
11
Calculate the greatest common factor of 345345 and 10185.
105
What is the greatest common factor of 2156 and 511379?
11
Calculate the highest common divisor of 17339 and 52487630.
2477
Calculate the highest common factor of 20 and 536974.
2
Calculate the highest common factor of 7575 and 1667005.
505
Calculate the highest common factor of 841 and 1657321.
29
What is the greatest common divisor of 2240 and 3909850?
70
Calculate the greatest common divisor of 104 and 49108033.
13
Calculate the highest common factor of 12846090 and 1140.
570
What is the greatest common factor of 2246 and 40001260?
2246
What is the greatest common divisor of 1101753 and 33?
3
What is the highest common factor of 918 and 804219?
51
Calculate the greatest common factor of 86 and 15160037.
43
Calculate the greatest common divisor of 7494 and 52619121.
3747
What is the highest common divisor of 757011350 and 25?
25
Calculate the highest common factor of 5396 and 262404356.
284
Calculate the greatest common factor of 1915575 and 375.
75
What is the highest common factor of 1410 and 1102192206?
282
What is the highest common factor of 28294 and 2183338?
94
Calculate the greatest common factor of 49444 and 80741.
263
What is the greatest common factor of 1550 and 1450550?
50
What is the highest common factor of 71457644 and 134?
134
Calculate the greatest common divisor of 6110580 and 75.
15
Calculate the highest common factor of 319744 and 88.
8
Calculate the highest common divisor of 588 and 1501052.
28
Calculate the greatest common divisor of 21362216 and 368.
184
What is the highest common factor of 35342 and 162918?
862
What is the highest common factor of 21471 and 107192073?
1263
What is the highest common divisor of 186004 and 4264?
52
What is the greatest common divisor of 16287 and 642669?
267
Calculate the greatest common factor of 66068283 and 3766.
269
Calculate the greatest common divisor of 45222 and 6324.
6
What is the highest common factor of 9660 and 7199?
23
Calculate the highest common divisor of 14 and 4983209.
7
Calculate the highest common divisor of 97393445 and 5395.
415
Calculate the greatest common factor of 1463 and 1521816989.
1463
Calculate the highest common divisor of 48642 and 597498.
726
Calculate the highest common factor of 2976 and 2472864.
96
What is the greatest common factor of 301226535 and 6?
3
Calculate the highest common factor of 183 and 17095555.
61
What is the greatest common factor of 18578340 and 192?
12
Calculate the greatest common factor of 884 and 286614458.
442
What is the highest common divisor of 3420 and 34618608?
684
What is the greatest common divisor of 9729060 and 12?
12
What is the highest common factor of 32188 and 64779?
13
Calculate the greatest common divisor of 133591 and 437029.
103
What is the highest common divisor of 1878653 and 78421?
119
What is the greatest common divisor of 14506629 and 12?
3
What is the highest common factor of 17933390 and 3050?
610
Calculate the greatest common divisor of 16056 and 17992978.
446
What is the highest common divisor of 15664 and 152735?
11
Calculate the greatest common divisor of 136312903 and 8506.
4253
Calculate the highest common factor of 213248 and 655424.
3136
What is the greatest common factor of 63573 and 93?
3
Calculate the greatest common factor of 111 and 969192.
3
Calculate the greatest common divisor of 113450 and 90.
10
What is the highest common factor of 16465 and 483270?
445
Calculate the highest common factor of 1020 and 10415220.
1020
Calculate the highest common divisor of 154 and 5327762.
22
What is the greatest common factor of 880 and 248326056?
88
Calculate the highest common factor of 4776201 and 209.
19
What is the highest common divisor o